.
-7
Suppose 15 = 3*s - 2*s - 4*k, 0 = -3*k - 9. Let v = s - 0. Let g(m) = -v*m + m - m - 1. Determine g(-2).
5
Let v(b) be the third derivative of -b**4/8 + 8*b**3/3 + 43*b**2. Determine v(13).
-23
Let r(s) = -s**2 - s - 6. Let g(l) = l**2 + 7*l - 12. Let w be g(-8). Let t(a) = -a**3 - 4*a**2 + a + 4. Let n be t(w). Calculate r(n).
-6
Let i(f) be the third derivative of -f**5/60 - f**4/4 + 7*f**3/6 + 47*f**2. Let u(v) = v**2 + v - 6. Let p be u(0). Calculate i(p).
7
Let y(k) = -11*k + 3. Let q(v) = 13*v - 5. Let f(w) = -5*q(w) - 6*y(w). What is f(0)?
7
Suppose -2 - 2 = 4*y. Let l = y - -5. Let c(x) = -x**3 - 3*x**2 - 2*x - 3 + 8*x**3 - 6*x**3. Give c(l).
5
Let a(j) be the first derivative of -9*j - 4*j**2 - 7/3*j**3 - 1/4*j**4 + 3. What is a(-6)?
3
Let n(f) = f**2 - 8. Let w(b) = -10*b - 160. Let v be w(-16). Calculate n(v).
-8
Suppose -5 = x + v + 6, v = -5*x - 43. Let b(u) = 22*u + 27*u + 2 + 23*u + 0 - 71*u. Give b(x).
-6
Let v(b) be the first derivative of -b**3/3 + 21*b**2/2 + 20*b - 103. Give v(22).
-2
Suppose -3*f = -0 - 6. Let w be (10/f)/(1/(-2)). Let l = w - -12. Let z(r) = 2*r**2 - 2*r - 1. Calculate z(l).
3
Let y be 68/(-8) + 1/(-2). Let a(j) = 15*j - 67. Let b(u) = -4*u + 17. Let z(t) = -6*a(t) - 23*b(t). Calculate z(y).
-7
Let k(b) be the third derivative of -b**9/60480 - b**8/20160 + b**7/5040 - b**6/144 + b**5/6 - 5*b**2. Let f(i) be the third derivative of k(i). Give f(0).
-5
Let y(i) = -2*i - 13. Suppose 87 = -12*x - 33. Give y(x).
7
Suppose -2*o = -5*d - 43, -21*o - 50 = 5*d - 16*o. Let k(i) = -i**2 - 8*i + 4. Give k(d).
-5
Let d(t) = 3*t - 13. Let w(a) be the third derivative of -a**4/24 + 2*a**3/3 - 4*a**2. Let g(h) = 4*d(h) + 11*w(h). Suppose -24 = 3*j - 6. What is g(j)?
-14
Let f be 14/3*(-1 + (-40)/(-16)). Let q(m) = 2*m**3 - 13*m**2 - 6*m + 5. Determine q(f).
12
Let q = -179 + 176. Let p(o) = -o**2 - 2*o - 3. What is p(q)?
-6
Let u(x) = x - 10. Let i be u(15). Let j = 1 - 1. Suppose 0 = -j*m + i*m - 25. Let d(q) = q**3 - 5*q**2 - q + 7. What is d(m)?
2
Let p(j) = -j + 6. Let c be (56/6)/(6/9). Let l be p(c). Let o(n) = -n**2 - 10*n - 12. What is o(l)?
4
Let p(d) = 4*d - 7. Let k be p(2). Let s(u) = u**3 - 3*u**2 + 3*u - 2. Let j be s(k). Let i(o) = -8*o + 1. What is i(j)?
9
Let g(w) = -2*w**3 - 14*w**2 - 10*w + 18. Suppose t = 4*j - 14, -4*j = 10 - 18. Give g(t).
6
Let p(l) = -3*l - 2. Suppose 4*z = 3*a + 22 - 5, 0 = 4*z - 4*a - 20. Let q(y) = y. Let g(u) = z*p(u) + 4*q(u). Determine g(-5).
6
Let r = -4 + -1. Let x(m) = 137*m - 62*m + 3 - 78*m. Calculate x(r).
18
Let d be (-1)/(1/2) - -1. Let n(h) be the third derivative of h**5/12 + h**3/6 + 65*h**2 + 3. What is n(d)?
6
Suppose 2*a + 2 = -0. Let t(i) = 2225 - 14*i**2 - 2226 + 9*i**2. What is t(a)?
-6
Let n(q) = q**2 + 8*q - 10. Let m be (((-72)/20)/2)/(2/10). Determine n(m).
-1
Suppose 4*x - 24 + 0 = 4*p, -2*x = 2*p. Suppose -x*h + 45 = -5*d, d + 2*d + 3*h = -3. Let a(q) = q**3 + 7*q**2 + 9*q + 7. Calculate a(d).
-11
Let a(y) = 2*y**3 + 6*y**2 + 8*y - 6. Let w(m) = m**3 + 5*m**2 + 9*m - 6. Let s(f) = 2*a(f) - 3*w(f). Give s(5).
1
Let h(c) = -2*c**3 + c**2 - 2*c + 2. Suppose 2*f = m - 12, -15*m = -10*m + 2*f. What is h(m)?
-14
Let x(h) = h + 12. Let t(a) = a + 14. Let z(q) = 5*t(q) - 6*x(q). Give z(0).
-2
Suppose -4*s - 2 = -10. Let j(y) = 3*y - s - 4*y + 0*y + 2*y. Let i(v) = v - 12. Let k be i(8). Calculate j(k).
-6
Let z(s) = -3*s + 21. Let k be (11*-1)/(-125 - -124). Determine z(k).
-12
Let f(j) be the second derivative of j**7/840 - j**6/72 - 7*j**5/120 + j**4/24 + 5*j**3/3 - 12*j. Let c(x) be the second derivative of f(x). Calculate c(6).
-5
Let d be 12/8*-10*(-3)/18. Let m(i) be the second derivative of 1/6*i**3 + 5/12*i**4 - d*i**2 + 2*i - 1/20*i**5 + 0. Give m(5).
0
Suppose -a - 2*h = 3*a - 8, 3*a - 32 = 5*h. Let q(v) = v - 4. Give q(a).
0
Let z be (-4)/(-6) + (-16)/(-12). Suppose 10 = -5*a + 7*a. Let k(c) = -2*c**2 + 6*c - 7. Let b(h) = -h + 1. Let u(n) = a*b(n) + k(n). Determine u(z).
-8
Let i(o) be the third derivative of -13*o**7/2520 - o**6/360 - o**5/120 - 7*o**4/8 + 10*o**2. Let n(y) be the second derivative of i(y). Calculate n(-1).
-12
Let w(f) = -4*f + 5. Let h(d) = -5*d + 6. Let q(k) = 3*h(k) - 4*w(k). Let n = -18 - -18. Calculate q(n).
-2
Let o(z) = -6*z + 1. Let l(t) = -t**2 + t. Let h(c) = -6*l(c) - o(c). Give h(1).
5
Let t(g) be the first derivative of -g**2 - 14*g - 4. Let z(x) = -3*x - 27. Let r(c) = 5*t(c) - 3*z(c). Determine r(5).
6
Let c(b) = 2*b + 4*b + 16*b**2 - 15*b**2 + 5. Calculate c(-5).
0
Suppose 2*x + 2 = -0*x + 4*d, -2*d = -4. Let g(k) = 4*k - 3*k**3 + k**x + 3*k**3 + 0 + 8*k**2 - 9. What is g(-7)?
12
Let a(w) = -w**2 + 7*w - 2. Let g be a(6). Suppose -4*z + 9*z = -5*n + 5, g*n = 0. Let f(p) = 6*p**3 - 1. Determine f(z).
5
Let g(s) = s - 1. Let h(q) = 5*q + 4. Let j = 20 + -19. Let b(w) = j*h(w) - 6*g(w). Let y(x) = x - 9. Let f(t) = 5*b(t) + 6*y(t). Calculate f(3).
-1
Let b = -4 - -6. Suppose -1 = c + h, -23 = -2*c - 3*c + b*h. Suppose -c = -2*u + 7. Let m(x) = 2*x - 4. Give m(u).
6
Let l = -804 + 802. Let m(a) = 7*a**2 - 2*a - 2. Give m(l).
30
Let p(u) = u**3 + 6*u**2 - 6*u + 5. Suppose -5*k - 51 = 4*m, 0 = -4*k + 8*k - 2*m + 20. What is p(k)?
-2
Let i(n) = -3*n + 1. Let h(g) = -19*g - 4. Let t be h(2). Let s be (-570)/(-7) + t/98. Let o be s/(-36)*4/(-3). Give i(o).
-8
Let y(c) be the second derivative of c**3/3 + 9*c**2/2 - 2*c + 44. What is y(-8)?
-7
Let c(o) = -o**3 + 7*o**2 - 8*o + 3. Suppose -3*b - 3*w = -24, -w = -3 - 1. Calculate c(b).
19
Let l(y) be the third derivative of y**4/8 + 2*y**3/3 - 3*y**2. Suppose 0 = 2*d - 53 + 17. Let n = 15 - d. Determine l(n).
-5
Let s(m) = -5 - m**2 + 9*m + 3 + 4 - 5. What is s(8)?
5
Let u(z) = -z**2 - 37 + 17 + 11*z + 18 - 4*z. Let p be u(6). Let g(s) = 6*s**2 + p*s + s**3 + 6 - 2 + s - 2*s**2. What is g(-3)?
-2
Let j(h) = h**2 + 9*h + 3. Let w = 47 - 48. Let b be -26 - -21 - (-2 + 1)*w. Determine j(b).
-15
Suppose 3*l = 4*g + 58, -5*l + 2*g = -89 - 31. Let c(p) = -50*p + 4 + l*p + 27*p. Calculate c(3).
13
Let g(u) = -u**2 - 2*u + 4. Let l be (-16)/6 - 5/15. What is g(l)?
1
Let z(x) = -2*x + x**2 - 19*x + 26*x + 1. Calculate z(-8).
25
Let r(y) = y**3 - y**2 + y - 3. Suppose -14 = -2*k - a + 3*a, 0 = 5*k - 4*a - 31. What is r(k)?
18
Let l(k) = -4*k + 3*k - k + 1. Suppose 0 = -2*p + 3*s - 3, -2*s + 6 = p - 6*s. Let h be p/(-27) - 21/(-27). Calculate l(h).
-1
Let z(k) = 11*k**3 + 7*k**2 + 20*k - 45. Let y(p) = -6*p**3 - 3*p**2 - 11*p + 25. Let b(g) = -7*y(g) - 4*z(g). Give b(-4).
33
Let h(b) be the first derivative of -b**4/4 - b**3 + b**2/2 - b + 1. Let c(d) = d**3 - 4*d**2 + 2*d + 1. Let n be c(3). Calculate h(n).
-7
Let s(z) = -3*z**2 + 0 - 4*z + 3 + 2 + z**3. Let w(k) = k**3 - 7*k**2 + 7*k - 2. Suppose 8 + 10 = 3*q. Let m be w(q). Calculate s(m).
5
Suppose 2*g - 8 - 4 = 0. Let h(y) = -2*y**2 - 11*y + 1. Let c be h(-5). Let p(b) = -2 + b + c*b**2 - b**3 + 1 + 0*b + 0. What is p(g)?
5
Let v be -15 - -10 - (0 - (2 + -4)). Let y(a) = -a**2 - 7*a + 4. Calculate y(v).
4
Let m(v) = v**3 - 7*v**2 + 5*v + 4. Suppose -5*z + 18 = z. Suppose 0 = z*j + 12 + 9. Let q(h) = h**3 + 6*h**2 - 9*h - 8. Let c be q(j). Calculate m(c).
-2
Let f(h) = 152*h - 77*h - 2 - 73*h. Let z(w) = w**3 + 7*w**2 + w + 10. Let x be z(-7). Give f(x).
4
Let b(g) = 5*g**3 - 3*g**2 + 3*g + 4. Let q(y) = 6*y**3 - 4*y**2 + 3*y + 5. Let h(w) = -7*b(w) + 6*q(w). Suppose 4*o - 4 - 12 = 0. Determine h(o).
6
Let r(i) be the first derivative of i**4/4 + 7*i**3/3 - 4*i**2 + 14*i + 397. What is r(-8)?
14
Let q(i) = -5*i - 5. Let t(g) = g + 1. Let u(j) = q(j) + 6*t(j). Let m = 744 - 745. What is u(m)?
0
Let i(a) = 0 - a + 8 + 4*a + 8*a**2 + a**3 - 7*a - 4*a. Calculate i(-9).
-1
Let b be 1*14*(-238)/(-833). Let n(h) = 3*h - 5. What is n(b)?
7
Suppose k + 1 = -3*v, -2*v + 3*k + 1 = 4*k. Let c(t) = -3*t - t**2 + 18*t + 1 - 27*t + 10*t. Determine c(v).
1
Let o(d) = d**2 - 3*d + 2. Let v(j) = 2*j - 1. Let b(n) = o(n) + v(n). Calculate b(-3).
13
Let w(h) = -h - 10. Let c(o) = -o**3 - 14*o**2 - 25*o - 8. Let v be c(-12). Suppose -9*j = -v*p - 14*j - 36, -j = 0. What is w(p)?
-1
Let z be 3*4/(-6)*4. Let b be 4/z + 3/(-2). Let p(o) = -o**3 - o**2 + 1. Let c(n) = 5*n**3 + 6*n**2 - 8. Let j(l) = -c(l) - 6*p(l). Determine j(b).
-6
Let q(d) = 5*